{"id":4,"date":"2012-11-26T11:52:20","date_gmt":"2012-11-26T09:52:20","guid":{"rendered":"http:\/\/www.monografia.eu\/?page_id=4"},"modified":"2026-03-16T17:42:03","modified_gmt":"2026-03-16T16:42:03","slug":"uvod","status":"publish","type":"page","link":"https:\/\/www.monografia.sk\/","title":{"rendered":"Nie\u010do na \u00favod"},"content":{"rendered":"\n\n<p style=\"text-align: justify;\"><strong><span style=\"vertical-align: inherit;\"><span style=\"vertical-align: inherit;\">Vitajte na na\u0161ej str\u00e1nke monografia.sk, ktor\u00e1 sa venuje mapovaniu<\/span><\/span><span style=\"color: #000000;\"><span style=\"vertical-align: inherit;\"><span style=\"vertical-align: inherit;\">, zbieraniu <\/span><\/span><\/span><span style=\"color: #000000;\"><span style=\"vertical-align: inherit;\"><span style=\"vertical-align: inherit;\">a <\/span><\/span><\/span><span style=\"color: #000000;\"><span style=\"vertical-align: inherit;\"><span style=\"vertical-align: inherit;\">archiv\u00e1cii<\/span><\/span><\/span><span style=\"vertical-align: inherit;\"><span style=\"vertical-align: inherit;\"> u\u017e vydan\u00fdch vlastivedn\u00fdch monografi\u00ed miest a obc\u00ed Slovenska na jednom mieste, na jednej polici.<\/span><\/span><\/strong><\/p>\n<p style=\"text-align: justify;\"><span style=\"color: #000000;\"><span style=\"vertical-align: inherit;\"><span style=\"vertical-align: inherit;\">Zbierka prekonala d\u0148a 28<\/span><\/span><span style=\"vertical-align: inherit;\"><span style=\"vertical-align: inherit;\">.02.2026<\/span><\/span><span style=\"vertical-align: inherit;\"><span style=\"vertical-align: inherit;\"> hranicu 2 118 <\/span><span style=\"vertical-align: inherit;\">zberate\u013esk\u00fdch exempl\u00e1rov.<\/span><\/span><\/span><\/p>\n<p>Zbierka z\u00edskala Certtifik\u00e1t a z\u00e1pis <strong>v knihe slovensk\u00fdch rekordov<\/strong> za najv\u00e4\u010d\u0161iu zbierku vlastivedn\u00fdch monografii Slovenska.<\/p>\n<p style=\"text-align: justify;\"><strong style=\"color: #000000;\"><span style=\"vertical-align: inherit;\"><span style=\"vertical-align: inherit;\">O autorovi<\/span><\/span><\/strong><\/p>\n<p style=\"text-align: justify;\"><span style=\"vertical-align: inherit;\"><span style=\"vertical-align: inherit;\"><img loading=\"lazy\" decoding=\"async\" class=\" wp-image-1032 alignleft\" src=\"https:\/\/www.monografia.sk\/wp-content\/uploads\/2013\/12\/0-foto.jpg\" alt=\"\" width=\"148\" height=\"219\" \/>Mojou osobnou z\u00e1\u013eubou je spozn\u00e1vanie historick\u00fdch tajov a kurioz\u00edt n\u00e1\u0161ho Slovenska. <\/span><span style=\"vertical-align: inherit;\">T\u00fa\u017eba h\u013eada\u0165 a spozn\u00e1va\u0165 ma viedla k zbieraniu vlastivedn\u00fdch monografi\u00ed miest a obc\u00ed Slovenska, ktor\u00e9 postupne prer\u00e1stlo do zberate\u013eskej v\u00e1\u0161ne. <\/span><span style=\"vertical-align: inherit;\">Zistil som, \u017ee vlastivedn\u00e1 monografia je studnica poznania, ktor\u00e1 n\u00e1m otv\u00e1ra o\u010di a \u00factu k na\u0161im dejin\u00e1m. <\/span><span style=\"vertical-align: inherit;\">\u017divotn\u00e9 pr\u00edbehy, postoj \u010dloveka k pr\u00edrode, snaha o pre\u017eitie v \u0165a\u017ek\u00fdch \u010dasoch n\u00e1m m\u00f4\u017ee by\u0165 pr\u00edkladom. <\/span><span style=\"vertical-align: inherit;\">Zru\u010dnos\u0165 a vynaliezavos\u0165 m\u00f4\u017eeme obdivova\u0165 na skal\u00e1ch v hradoch, v dolin\u00e1ch v \u00fatlych dreveniciach. <\/span><span style=\"vertical-align: inherit;\">\u017divotn\u00e9 pr\u00edbehy sa premietli do \u013eudov\u00fdch piesn\u00ed \u010di povest\u00ed.<\/span><\/span><\/p>\n<p style=\"text-align: justify;\"><span style=\"vertical-align: inherit;\"><span style=\"vertical-align: inherit;\">Po poznan\u00ed t\u00fdchto historick\u00fdch s\u00favislost\u00ed sa za\u010d\u00edname pozera\u0165 in\u00fdmi o\u010dami na svoje okolie, za\u010d\u00edname by\u0165 vn\u00edmavej\u0161\u00ed, lep\u0161\u00ed.<\/span><\/span><\/p>\n<p style=\"text-align: justify;\"><span style=\"vertical-align: inherit;\"><span style=\"vertical-align: inherit;\">Z historickej hmly sa za\u010d\u00ednaj\u00fa postupne vyn\u00e1ra\u0165 budovy a ulice, po ktor\u00fdch ve\u013eakr\u00e1t bezducho kr\u00e1\u010dame. <\/span><span style=\"vertical-align: inherit;\">L\u00faky a pastviny sa menia na stredovek\u00e9 bojisk\u00e1, vojensk\u00e9 t\u00e1bory. <\/span><span style=\"vertical-align: inherit;\">Z nen\u00e1padn\u00e9ho, \u200b\u200bkr\u00edkmi a stromami zarasten\u00e9ho kopca vyrastie staroslovansk\u00e9 hradisko, mohyla. <\/span><span style=\"vertical-align: inherit;\">Preto aj V\u00e1m odpor\u00fa\u010dam, n\u00e1jdite si svoju knihu &#8211; monografiu o svojej obci \u010di meste. <\/span><span style=\"vertical-align: inherit;\">Ur\u010dite mi d\u00e1te za pravdu.<\/span><\/span><\/p>\n<p style=\"text-align: justify;\"><strong><span style=\"vertical-align: inherit;\"><span style=\"vertical-align: inherit;\">Budem r\u00e1d, ke\u010f aj V\u00e1s obohat\u00edm o nov\u00e9 inform\u00e1cie, \u010di povzbud\u00edm v snahe vytvori\u0165 vlastn\u00fa monografiu.<\/span><\/span><\/strong><\/p>\n<p style=\"text-align: left;\" align=\"right\"><span style=\"vertical-align: inherit;\"><span style=\"vertical-align: inherit;\">Pust\u00edme sa teda spolu do \u010d\u00edtania.<\/span><\/span><\/p>\n<p style=\"text-align: center;\"><strong><span style=\"vertical-align: inherit;\">\u0160tefan Drexler, Ing.<\/span><\/strong><\/p>\n<hr \/>\n<p><span style=\"vertical-align: inherit;\">\u00a0<\/span><\/p>\n<table style=\"border-width: 0px; border-color: #800000;\" border=\"0\">\n<tbody>\n<tr>\n<td style=\"text-align: center; border: #800000 1px solid;\">\n<div>\n<div><strong><span style=\"font-size: 8pt;\"><span style=\"vertical-align: inherit;\"><span style=\"vertical-align: inherit;\">Str\u00e1nka www.monografia.sk vznikla v mesiaci december, roku 2012.<\/span><\/span><\/span><\/strong><\/div>\n<\/div>\n<div><strong><span style=\"font-size: 8pt;\"><span style=\"vertical-align: inherit;\"><span style=\"vertical-align: inherit;\">Prv\u00fd z\u00e1pis do datab\u00e1zy kn\u00edh bol vykonan\u00fd v mesiaci december, roku 1991.<\/span><\/span><\/span><\/strong><\/div>\n<\/td>\n<\/tr>\n<\/tbody>\n<\/table>","protected":false},"excerpt":{"rendered":"<p>Vitajte na na\u0161ej str\u00e1nke monografia.sk, ktor\u00e1 sa venuje mapovaniu, zbieraniu a archiv\u00e1cii u\u017e vydan\u00fdch vlastivedn\u00fdch monografi\u00ed miest a obc\u00ed Slovenska na jednom mieste, na jednej polici. Zbierka prekonala d\u0148a 28.02.2026 hranicu 2 118 zberate\u013esk\u00fdch exempl\u00e1rov. Zbierka z\u00edskala Certtifik\u00e1t a z\u00e1pis v knihe slovensk\u00fdch rekordov za najv\u00e4\u010d\u0161iu zbierku vlastivedn\u00fdch monografii Slovenska. O autorovi Mojou osobnou z\u00e1\u013eubou &hellip; <a class=\"read-excerpt\" href=\"https:\/\/www.monografia.sk\/\">Continue reading <span class=\"meta-nav\">&raquo;<\/span><\/a><\/p>\n","protected":false},"author":2,"featured_media":0,"parent":0,"menu_order":0,"comment_status":"closed","ping_status":"closed","template":"","meta":{"footnotes":""},"class_list":["post-4","page","type-page","status-publish","hentry"],"_links":{"self":[{"href":"https:\/\/www.monografia.sk\/index.php?rest_route=\/wp\/v2\/pages\/4","targetHints":{"allow":["GET"]}}],"collection":[{"href":"https:\/\/www.monografia.sk\/index.php?rest_route=\/wp\/v2\/pages"}],"about":[{"href":"https:\/\/www.monografia.sk\/index.php?rest_route=\/wp\/v2\/types\/page"}],"author":[{"embeddable":true,"href":"https:\/\/www.monografia.sk\/index.php?rest_route=\/wp\/v2\/users\/2"}],"replies":[{"embeddable":true,"href":"https:\/\/www.monografia.sk\/index.php?rest_route=%2Fwp%2Fv2%2Fcomments&post=4"}],"version-history":[{"count":123,"href":"https:\/\/www.monografia.sk\/index.php?rest_route=\/wp\/v2\/pages\/4\/revisions"}],"predecessor-version":[{"id":2858,"href":"https:\/\/www.monografia.sk\/index.php?rest_route=\/wp\/v2\/pages\/4\/revisions\/2858"}],"wp:attachment":[{"href":"https:\/\/www.monografia.sk\/index.php?rest_route=%2Fwp%2Fv2%2Fmedia&parent=4"}],"curies":[{"name":"wp","href":"https:\/\/api.w.org\/{rel}","templated":true}]}}

Niečo na úvod

<p style="text-align: justify;"><strong><span style="vertical-align: inherit;"><span style="vertical-align: inherit;">Vitajte na našej stránke monografia.sk, ktorá sa venuje mapovaniu</span></span><span style="color: #000000;"><span style="vertical-align: inherit;"><span style="vertical-align: inherit;">, zbieraniu </span></span></span><span style="color: #000000;"><span style="vertical-align: inherit;"><span style="vertical-align: inherit;">a </span></span></span><span style="color: #000000;"><span style="vertical-align: inherit;"><span style="vertical-align: inherit;">archivácii</span></span></span><span style="vertical-align: inherit;"><span style="vertical-align: inherit;"> už vydaných vlastivedných monografií miest a obcí Slovenska na jednom mieste, na jednej polici.</span></span></strong></p>
<p style="text-align: justify;"><span style="color: #000000;"><span style="vertical-align: inherit;"><span style="vertical-align: inherit;">Zbierka prekonala dňa 28</span></span><span style="vertical-align: inherit;"><span style="vertical-align: inherit;">.02.2026</span></span><span style="vertical-align: inherit;"><span style="vertical-align: inherit;"> hranicu 2 118 </span><span style="vertical-align: inherit;">zberateľských exemplárov.</span></span></span></p>
<p>Zbierka získala Certtifikát a zápis <strong>v knihe slovenských rekordov</strong> za najväčšiu zbierku vlastivedných monografii Slovenska.</p>
<p style="text-align: justify;"><strong style="color: #000000;"><span style="vertical-align: inherit;"><span style="vertical-align: inherit;">O autorovi</span></span></strong></p>
<p style="text-align: justify;"><span style="vertical-align: inherit;"><span style="vertical-align: inherit;"><img loading="lazy" decoding="async" class=" wp-image-1032 alignleft" src="https://www.monografia.sk/wp-content/uploads/2013/12/0-foto.jpg" alt="" width="148" height="219" />Mojou osobnou záľubou je spoznávanie historických tajov a kuriozít nášho Slovenska. </span><span style="vertical-align: inherit;">Túžba hľadať a spoznávať ma viedla k zbieraniu vlastivedných monografií miest a obcí Slovenska, ktoré postupne prerástlo do zberateľskej vášne. </span><span style="vertical-align: inherit;">Zistil som, že vlastivedná monografia je studnica poznania, ktorá nám otvára oči a úctu k našim dejinám. </span><span style="vertical-align: inherit;">Životné príbehy, postoj človeka k prírode, snaha o prežitie v ťažkých časoch nám môže byť príkladom. </span><span style="vertical-align: inherit;">Zručnosť a vynaliezavosť môžeme obdivovať na skalách v hradoch, v dolinách v útlych dreveniciach. </span><span style="vertical-align: inherit;">Životné príbehy sa premietli do ľudových piesní či povestí.</span></span></p>
<p style="text-align: justify;"><span style="vertical-align: inherit;"><span style="vertical-align: inherit;">Po poznaní týchto historických súvislostí sa začíname pozerať inými očami na svoje okolie, začíname byť vnímavejší, lepší.</span></span></p>
<p style="text-align: justify;"><span style="vertical-align: inherit;"><span style="vertical-align: inherit;">Z historickej hmly sa začínajú postupne vynárať budovy a ulice, po ktorých veľakrát bezducho kráčame. </span><span style="vertical-align: inherit;">Lúky a pastviny sa menia na stredoveké bojiská, vojenské tábory. </span><span style="vertical-align: inherit;">Z nenápadného, ​​kríkmi a stromami zarasteného kopca vyrastie staroslovanské hradisko, mohyla. </span><span style="vertical-align: inherit;">Preto aj Vám odporúčam, nájdite si svoju knihu &#8211; monografiu o svojej obci či meste. </span><span style="vertical-align: inherit;">Určite mi dáte za pravdu.</span></span></p>
<p style="text-align: justify;"><strong><span style="vertical-align: inherit;"><span style="vertical-align: inherit;">Budem rád, keď aj Vás obohatím o nové informácie, či povzbudím v snahe vytvoriť vlastnú monografiu.</span></span></strong></p>
<p style="text-align: left;" align="right"><span style="vertical-align: inherit;"><span style="vertical-align: inherit;">Pustíme sa teda spolu do čítania.</span></span></p>
<p style="text-align: center;"><strong><span style="vertical-align: inherit;">Štefan Drexler, Ing.</span></strong></p>
<hr />
<p><span style="vertical-align: inherit;"> </span></p>
<table style="border-width: 0px; border-color: #800000;" border="0">
<tbody>
<tr>
<td style="text-align: center; border: #800000 1px solid;">
<div>
<div><strong><span style="font-size: 8pt;"><span style="vertical-align: inherit;"><span style="vertical-align: inherit;">Stránka www.monografia.sk vznikla v mesiaci december, roku 2012.</span></span></span></strong></div>
</div>
<div><strong><span style="font-size: 8pt;"><span style="vertical-align: inherit;"><span style="vertical-align: inherit;">Prvý zápis do databázy kníh bol vykonaný v mesiaci december, roku 1991.</span></span></span></strong></div>
</td>
</tr>
</tbody>
</table>

<p>Vitajte na našej stránke monografia.sk, ktorá sa venuje mapovaniu, zbieraniu a archivácii už vydaných vlastivedných monografií miest a obcí Slovenska na jednom mieste, na jednej polici. Zbierka prekonala dňa 28.02.2026 hranicu 2 118 zberateľských exemplárov. Zbierka získala Certtifikát a zápis v knihe slovenských rekordov za najväčšiu zbierku vlastivedných monografii Slovenska. O autorovi Mojou osobnou záľubou &hellip; <a class="read-excerpt" href="https://www.monografia.sk/">Continue reading <span class="meta-nav">&raquo;</span></a></p>
